{"id":426,"date":"2020-04-14T21:47:09","date_gmt":"2020-04-14T14:47:09","guid":{"rendered":"http:\/\/kidsbynature.vn\/?page_id=426"},"modified":"2020-04-16T22:41:13","modified_gmt":"2020-04-16T15:41:13","slug":"lop-hoc-tieng-viet-cau-vong","status":"publish","type":"page","link":"https:\/\/kidsbynature.vn\/index.php\/lop-hoc-tieng-viet-cau-vong\/","title":{"rendered":"GI\u1edaI THI\u1ec6U L\u1edaP H\u1eccC TI\u1ebeNG VI\u1ec6T C\u1ea6U V\u1ed2NG"},"content":{"rendered":"<p>C\u00e2u l\u1ea1c b\u1ed9 Ti\u1ebfng Vi\u1ec7t qua k\u1ec3 chuy\u1ec7n mang t\u00ean &#8220;C\u1ea7u V\u1ed3ng&#8221; \u0111\u01b0\u1ee3c t\u1ea1o d\u1ef1ng b\u1edfi nh\u1eefng ng\u01b0\u1eddi t\u00e2m huy\u1ebft, \u0111am m\u00ea v\u1edbi tr\u1ebb em v\u00e0 mong mu\u1ed1n gi\u00fap tr\u1ebb em Vi\u1ec7t Nam \u1edf n\u01b0\u1edbc ngo\u00e0i duy tr\u00ec v\u1ed1n ti\u1ebfng Vi\u1ec7t. Ch\u00fang t\u00f4i th\u01b0\u1eddng xuy\u00ean \u0111\u1eb7t ra nh\u1eefng c\u00e2u h\u1ecfi: L\u00e0m th\u1ebf n\u00e0o \u0111\u1ec3 gi\u00fap c\u00e1c em c\u00f3 th\u1ec3 s\u1eed d\u1ee5ng Ti\u1ebfng Vi\u1ec7t th\u01b0\u1eddng xuy\u00ean m\u1ed9t c\u00e1ch hi\u1ec7u qu\u1ea3? L\u00e0m th\u1ebf n\u00e0o \u0111\u1ec3 c\u00e1c em n\u00f3i Ti\u1ebfng Vi\u1ec7t m\u1ed9t c\u00e1ch t\u1ef1 nhi\u00ean? L\u00e0m th\u1ebf n\u00e0o gi\u00fap c\u00e1c em ph\u00e1m ph\u00e1 s\u1ef1 \u0111a d\u1ea1ng c\u1ee7a v\u0103n h\u00f3a Vi\u1ec7t Nam v\u00e0 kh\u00f4ng qu\u00ean ngu\u1ed3n c\u1ed9i?<\/p>\n<p>\u201cK\u1ec3 chuy\u1ec7n ti\u1ebfng Vi\u1ec7t C\u1ea7u V\u1ed3ng\u201d l\u00e0 ch\u01b0\u01a1ng tr\u00ecnh d\u1ea1y ti\u1ebfng Vi\u1ec7t online \u0111\u1ea7u ti\u00ean d\u00e0nh cho tr\u1ebb em Vi\u1ec7t Nam t\u1eeb 4 \u0111\u1ebfn 12 tu\u1ed5i \u0111ang sinh s\u1ed1ng v\u00e0 h\u1ecdc t\u1eadp t\u1ea1i n\u01b0\u1edbc ngo\u00e0i. Ch\u01b0\u01a1ng tr\u00ecnh \u0111\u01b0\u1ee3c thi\u1ebft k\u1ebf b\u1edfi c\u00e1c chuy\u00ean gia c\u00f3 nhi\u1ec1u kinh nghi\u1ec7m, ki\u1ebfn th\u1ee9c v\u1ec1 t\u00e2m l\u00fd tr\u1ebb em v\u00e0 gi\u1ea3ng d\u1ea1y ti\u1ebfng Vi\u1ec7t cho tr\u1ebb em Vi\u1ec7t Nam \u1edf n\u01b0\u1edbc ngo\u00e0i.<\/p>\n<p>Hi\u1ec7n nay, ch\u01b0\u01a1ng tr\u00ecnh Ti\u1ebfng Vi\u1ec7t\u00a0online \u0111ang \u0111\u01b0\u1ee3c tri\u1ec3n khai t\u1ea1i nhi\u1ec1u n\u01b0\u1edbc tr\u00ean th\u1ebf gi\u1edbi nh\u01b0 M\u1ef9, Canada, Ph\u00e1p, Th\u1ee5y S\u0129, Ph\u1ea7n Lan, Anh, Australie, New Zealand\u2026 v\u00e0 nh\u1eadn \u0111\u01b0\u1ee3c s\u1ef1 h\u01b0\u1edfng \u1ee9ng t\u00edch c\u1ef1c c\u1ee7a ph\u1ee5 huynh v\u00e0 h\u1ecdc sinh.<\/p>\n<p>&nbsp;<\/p>\n","protected":false},"excerpt":{"rendered":"<p>C\u00e2u l\u1ea1c b\u1ed9 Ti\u1ebfng Vi\u1ec7t qua k\u1ec3 chuy\u1ec7n mang t\u00ean &#8220;C\u1ea7u V\u1ed3ng&#8221; \u0111\u01b0\u1ee3c t\u1ea1o d\u1ef1ng b\u1edfi nh\u1eefng ng\u01b0\u1eddi t\u00e2m huy\u1ebft, \u0111am m\u00ea v\u1edbi tr\u1ebb em v\u00e0 mong mu\u1ed1n gi\u00fap tr\u1ebb em Vi\u1ec7t Nam \u1edf n\u01b0\u1edbc ngo\u00e0i duy tr\u00ec v\u1ed1n ti\u1ebfng Vi\u1ec7t. Ch\u00fang t\u00f4i th\u01b0\u1eddng xuy\u00ean \u0111\u1eb7t ra nh\u1eefng c\u00e2u h\u1ecfi: L\u00e0m th\u1ebf n\u00e0o \u0111\u1ec3 gi\u00fap [&hellip;]<\/p>\n","protected":false},"author":2,"featured_media":0,"parent":0,"menu_order":0,"comment_status":"closed","ping_status":"closed","template":"","meta":[],"_links":{"self":[{"href":"https:\/\/kidsbynature.vn\/index.php\/wp-json\/wp\/v2\/pages\/426"}],"collection":[{"href":"https:\/\/kidsbynature.vn\/index.php\/wp-json\/wp\/v2\/pages"}],"about":[{"href":"https:\/\/kidsbynature.vn\/index.php\/wp-json\/wp\/v2\/types\/page"}],"author":[{"embeddable":true,"href":"https:\/\/kidsbynature.vn\/index.php\/wp-json\/wp\/v2\/users\/2"}],"replies":[{"embeddable":true,"href":"https:\/\/kidsbynature.vn\/index.php\/wp-json\/wp\/v2\/comments?post=426"}],"version-history":[{"count":8,"href":"https:\/\/kidsbynature.vn\/index.php\/wp-json\/wp\/v2\/pages\/426\/revisions"}],"predecessor-version":[{"id":478,"href":"https:\/\/kidsbynature.vn\/index.php\/wp-json\/wp\/v2\/pages\/426\/revisions\/478"}],"wp:attachment":[{"href":"https:\/\/kidsbynature.vn\/index.php\/wp-json\/wp\/v2\/media?parent=426"}],"curies":[{"name":"wp","href":"https:\/\/api.w.org\/{rel}","templated":true}]}}