{"id":146,"date":"2018-06-18T02:57:15","date_gmt":"2018-06-18T02:57:15","guid":{"rendered":"http:\/\/localhost\/kids\/?page_id=146"},"modified":"2018-06-18T04:18:55","modified_gmt":"2018-06-18T04:18:55","slug":"hanh-trang-toi-truong","status":"publish","type":"page","link":"https:\/\/kidsbynature.vn\/index.php\/danh-cho-phu-huynh-kbn\/hanh-trang-toi-truong\/","title":{"rendered":"H\u00e0nh trang t\u1edbi tr\u01b0\u1eddng"},"content":{"rendered":"<h3 style=\"text-align: center;\"><strong>NH\u1eeeNG \u0110\u1ed2 D\u00d9NG TR\u1eba C\u1ea6N MANG THEO KHI \u0110\u1ebeN TR\u01af\u1edcNG<\/strong><\/h3>\n<ol>\n<li style=\"text-align: justify;\">M\u1ed9t t\u00fai\/ bal\u00f4 \u0111i h\u1ecdc<\/li>\n<li style=\"text-align: justify;\">M\u1ed9t t\u00fai kh\u00f4ng th\u1ea5m n\u01b0\u1edbc \u0111\u1ef1ng qu\u1ea7n \u00e1o b\u1ea9n<\/li>\n<li style=\"text-align: justify;\">M\u1ed9t b\u00ecnh \u0111\u1ef1ng n\u01b0\u1edbc (n\u1ebfu tr\u1ebb c\u00f3 nhu c\u1ea7u u\u1ed1ng b\u00ecnh)<\/li>\n<li style=\"text-align: justify;\">T\u1ed1i thi\u1ec3u hai b\u1ed9 qu\u1ea7n \u00e1o s\u1ea1ch<\/li>\n<li style=\"text-align: justify;\">B\u00e0n ch\u1ea3i, kem \u0111\u00e1nh r\u0103ng<\/li>\n<li style=\"text-align: justify;\">M\u1ed9t l\u01b0\u1ee3c ch\u1ea3i t\u00f3c (n\u1ebfu c\u1ea7n)<\/li>\n<li style=\"text-align: justify;\">B\u1ec9m (n\u1ebfu c\u1ea7n): \u0110\u1ed1i v\u1edbi nh\u1eefng tr\u1ebb ch\u01b0a bi\u1ebft ch\u1ee7 \u0111\u1ed9ng trong vi\u1ec7c \u0111i v\u1ec7 sinh, \u0111\u1ec3 \u0111\u1ea3m b\u1ea3o m\u00f4i tr\u01b0\u1eddng v\u1ec7 sinh l\u1edbp h\u1ecdc, b\u00e9 c\u1ea7n \u0111\u00f3ng b\u1ec9m khi ng\u1ee7 tr\u01b0a. \u0110\u1ec1 ngh\u1ecb ph\u1ee5 huynh cung c\u1ea5p b\u1ec9m v\u00e0 v\u1eadt d\u1ee5ng c\u1ea7n thi\u1ebft kh\u00e1c.<\/li>\n<\/ol>\n<p style=\"text-align: left;\"><em>Ch\u00fa \u00fd:\u00a0 T\u00ean tr\u1ebb c\u1ea7n \u0111\u01b0\u1ee3c ghi r\u00f5 tr\u00ean t\u1ea5t c\u1ea3 c\u00e1c v\u1eadt d\u1ee5ng.<\/em><\/p>\n","protected":false},"excerpt":{"rendered":"<p>NH\u1eeeNG \u0110\u1ed2 D\u00d9NG TR\u1eba C\u1ea6N MANG THEO KHI \u0110\u1ebeN TR\u01af\u1edcNG M\u1ed9t t\u00fai\/ bal\u00f4 \u0111i h\u1ecdc M\u1ed9t t\u00fai kh\u00f4ng th\u1ea5m n\u01b0\u1edbc \u0111\u1ef1ng qu\u1ea7n \u00e1o b\u1ea9n M\u1ed9t b\u00ecnh \u0111\u1ef1ng n\u01b0\u1edbc (n\u1ebfu tr\u1ebb c\u00f3 nhu c\u1ea7u u\u1ed1ng b\u00ecnh) T\u1ed1i thi\u1ec3u hai b\u1ed9 qu\u1ea7n \u00e1o s\u1ea1ch B\u00e0n ch\u1ea3i, kem \u0111\u00e1nh r\u0103ng M\u1ed9t l\u01b0\u1ee3c ch\u1ea3i t\u00f3c (n\u1ebfu c\u1ea7n) B\u1ec9m (n\u1ebfu [&hellip;]<\/p>\n","protected":false},"author":1,"featured_media":0,"parent":143,"menu_order":1,"comment_status":"closed","ping_status":"closed","template":"","meta":[],"_links":{"self":[{"href":"https:\/\/kidsbynature.vn\/index.php\/wp-json\/wp\/v2\/pages\/146"}],"collection":[{"href":"https:\/\/kidsbynature.vn\/index.php\/wp-json\/wp\/v2\/pages"}],"about":[{"href":"https:\/\/kidsbynature.vn\/index.php\/wp-json\/wp\/v2\/types\/page"}],"author":[{"embeddable":true,"href":"https:\/\/kidsbynature.vn\/index.php\/wp-json\/wp\/v2\/users\/1"}],"replies":[{"embeddable":true,"href":"https:\/\/kidsbynature.vn\/index.php\/wp-json\/wp\/v2\/comments?post=146"}],"version-history":[{"count":2,"href":"https:\/\/kidsbynature.vn\/index.php\/wp-json\/wp\/v2\/pages\/146\/revisions"}],"predecessor-version":[{"id":208,"href":"https:\/\/kidsbynature.vn\/index.php\/wp-json\/wp\/v2\/pages\/146\/revisions\/208"}],"up":[{"embeddable":true,"href":"https:\/\/kidsbynature.vn\/index.php\/wp-json\/wp\/v2\/pages\/143"}],"wp:attachment":[{"href":"https:\/\/kidsbynature.vn\/index.php\/wp-json\/wp\/v2\/media?parent=146"}],"curies":[{"name":"wp","href":"https:\/\/api.w.org\/{rel}","templated":true}]}}