{"id":118,"date":"2018-06-18T02:29:23","date_gmt":"2018-06-18T02:29:23","guid":{"rendered":"http:\/\/localhost\/kids\/?page_id=118"},"modified":"2018-06-18T02:29:23","modified_gmt":"2018-06-18T02:29:23","slug":"gioi-thieu","status":"publish","type":"page","link":"https:\/\/kidsbynature.vn\/index.php\/gioi-thieu\/","title":{"rendered":"Gi\u1edbi Thi\u1ec7u"},"content":{"rendered":"<h3 class=\"sc_title sc_title_divider\" style=\"text-align: center; font-weight: bold;\">TR\u01af\u1edcNG M\u1ea6M NON KIDS BY NATURE\u00a0\u2013\u00a0KBN PRESCHOOL<\/h3>\n<p style=\"text-align: justify;\"><span style=\"color: #000000;\"><strong>Kids By Nature (KBN)<\/strong> l\u00e0 tr\u01b0\u1eddng m\u1ea7m non thu\u1ed9c h\u1ec7 th\u1ed1ng m\u1eabu gi\u00e1o Li\u1ec5u Giai \u0111\u01b0\u1ee3c th\u00e0nh l\u1eadp t\u1eeb n\u0103m 2000. V\u1edbi ph\u01b0\u01a1ng ch\u00e2m l\u1ea5y h\u1ecdc sinh l\u00e0m trung t\u00e2m, ch\u01b0\u01a1ng tr\u00ecnh \u0111\u00e0o t\u1ea1o c\u1ee7a ch\u00fang t\u00f4i lu\u00f4n quan t\u00e2m \u0111\u1ebfn m\u1ecdi suy ngh\u0129 v\u00e0 h\u00e0nh vi c\u1ee7a tr\u1ebb. KBN \u00e1p d\u1ee5ng c\u00e1c ph\u01b0\u01a1ng ph\u00e1p gi\u00e1o d\u1ee5c s\u1edbm \u0111\u01b0\u1ee3c nghi\u00ean c\u1ee9u b\u1edfi c\u00e1c chuy\u00ean gia gi\u00e1o d\u1ee5c c\u1ee7a nh\u00e0 tr\u01b0\u1eddng trong su\u1ed1t 16 n\u0103m qua, ph\u1ed1i h\u1ee3p v\u1edbi nh\u1eefng ph\u01b0\u01a1ng ph\u00e1p gi\u00e1o d\u1ee5c ti\u00ean ti\u1ebfn kh\u00e1c tr\u00ean th\u1ebf gi\u1edbi nh\u01b0 Montessori, Reggio Emilia&#8230; T\u1eeb \u0111\u00f3, tr\u1ebb \u0111\u01b0\u1ee3c h\u01b0\u1edbng d\u1eabn c\u00e1ch t\u1ef1 v\u1eadn h\u00e0nh t\u01b0 duy \u0111\u1ec3 b\u1ed9c l\u1ed9 v\u00e0 ph\u00e1t huy t\u1ed1 ch\u1ea5t c\u1ee7a ch\u00ednh m\u00ecnh, t\u1eeb vi\u1ec7c r\u00e8n luy\u1ec7n k\u1ef9 n\u0103ng h\u1ecdc t\u1eadp, ph\u00e1t tri\u1ec3n nh\u00e2n c\u00e1ch \u0111\u1ebfn giao ti\u1ebfp \u1ee9ng x\u1eed, k\u00edch th\u00edch s\u00e1ng t\u1ea1o kh\u00f4ng ng\u1eebng.<\/span><\/p>\n<div class=\"sc_section\" style=\"margin-bottom: 50px !important;\"><\/div>\n","protected":false},"excerpt":{"rendered":"<p>TR\u01af\u1edcNG M\u1ea6M NON KIDS BY NATURE\u00a0\u2013\u00a0KBN PRESCHOOL Kids By Nature (KBN) l\u00e0 tr\u01b0\u1eddng m\u1ea7m non thu\u1ed9c h\u1ec7 th\u1ed1ng m\u1eabu gi\u00e1o Li\u1ec5u Giai \u0111\u01b0\u1ee3c th\u00e0nh l\u1eadp t\u1eeb n\u0103m 2000. V\u1edbi ph\u01b0\u01a1ng ch\u00e2m l\u1ea5y h\u1ecdc sinh l\u00e0m trung t\u00e2m, ch\u01b0\u01a1ng tr\u00ecnh \u0111\u00e0o t\u1ea1o c\u1ee7a ch\u00fang t\u00f4i lu\u00f4n quan t\u00e2m \u0111\u1ebfn m\u1ecdi suy ngh\u0129 v\u00e0 h\u00e0nh vi c\u1ee7a [&hellip;]<\/p>\n","protected":false},"author":1,"featured_media":0,"parent":0,"menu_order":0,"comment_status":"closed","ping_status":"closed","template":"","meta":[],"_links":{"self":[{"href":"https:\/\/kidsbynature.vn\/index.php\/wp-json\/wp\/v2\/pages\/118"}],"collection":[{"href":"https:\/\/kidsbynature.vn\/index.php\/wp-json\/wp\/v2\/pages"}],"about":[{"href":"https:\/\/kidsbynature.vn\/index.php\/wp-json\/wp\/v2\/types\/page"}],"author":[{"embeddable":true,"href":"https:\/\/kidsbynature.vn\/index.php\/wp-json\/wp\/v2\/users\/1"}],"replies":[{"embeddable":true,"href":"https:\/\/kidsbynature.vn\/index.php\/wp-json\/wp\/v2\/comments?post=118"}],"version-history":[{"count":1,"href":"https:\/\/kidsbynature.vn\/index.php\/wp-json\/wp\/v2\/pages\/118\/revisions"}],"predecessor-version":[{"id":119,"href":"https:\/\/kidsbynature.vn\/index.php\/wp-json\/wp\/v2\/pages\/118\/revisions\/119"}],"wp:attachment":[{"href":"https:\/\/kidsbynature.vn\/index.php\/wp-json\/wp\/v2\/media?parent=118"}],"curies":[{"name":"wp","href":"https:\/\/api.w.org\/{rel}","templated":true}]}}