{"id":439,"date":"2020-04-14T22:56:23","date_gmt":"2020-04-14T15:56:23","guid":{"rendered":"http:\/\/kidsbynature.vn\/?page_id=439"},"modified":"2020-04-14T22:57:24","modified_gmt":"2020-04-14T15:57:24","slug":"chuong-trinh-hoc","status":"publish","type":"page","link":"http:\/\/kidsbynature.vn\/index.php\/chuong-trinh-hoc\/","title":{"rendered":"Ch\u01b0\u01a1ng tr\u00ecnh"},"content":{"rendered":"<h2 style=\"text-align: center;\">Ch\u01b0\u01a1ng tr\u00ecnh h\u1ecdc<\/h2>\n<p><strong>Nh\u1eefng truy\u1ec7n k\u1ec3 trong ch\u01b0\u01a1ng tr\u00ecnh:<\/strong><\/p>\n<p>+ Nh\u1ed5 c\u1ee7 c\u1ea3i<\/p>\n<p>+ G\u00e0 c\u00e1nh ti\u00ean<\/p>\n<p>+ Con v\u1ecbt x\u1ea5u x\u00ed<\/p>\n<p>+ Qu\u1ea3 b\u1ea7u ti\u00ean<\/p>\n<p>+ C\u00e1o th\u1ecf v\u00e0 g\u00e0 tr\u1ed1ng<\/p>\n<p>+ S\u1ef1 t\u00edch ng\u00e0y v\u00e0 \u0111\u00eam<\/p>\n<p>+ C\u00f4 b\u00e9 b\u00e1n di\u00eam<\/p>\n<p>+ Chi\u1ebfc \u00e1o m\u00f9a xu\u00e2n<\/p>\n<p>+ B\u00f4ng hoa c\u00fac tr\u1eafng<\/p>\n<p>+ T\u1ea5m C\u00e1m<\/p>\n<p>+ C\u00e2y Kh\u1ebf<\/p>\n<p>+ T\u00edch Chu<\/p>\n<p>+ Ba c\u00f4 g\u00e1i<\/p>\n<p>+ \u00a0C\u00f4 b\u00e9 qu\u00e0ng kh\u0103n \u0111\u1ecf<\/p>\n<p>+ N\u00e0ng b\u1ea1ch tuy\u1ebft v\u00e0 b\u1ea3y ch\u00fa l\u00f9n<\/p>\n<p>+ \u00d4ng l\u00e3o \u0111\u00e1nh c\u00e1 v\u00e0 con c\u00e1 v\u00e0ng<\/p>\n<p>+ D\u00ea \u0111en v\u00e0 d\u00ea tr\u1eafng<\/p>\n<p>+ Ch\u00fa b\u00e9 ch\u0103n c\u1eebu<\/p>\n<p>+ Ch\u00fa chim nh\u1ecf l\u01b0\u1eddi bi\u1ebfng<\/p>\n<p>Th\u00f4ng qua c\u00e1c c\u00e2u chuy\u1ec7n c\u00e1c em s\u1ebd hi\u1ec3u th\u00eam v\u1ec1 s\u1ef1 quan t\u00e2m, chia s\u1ebb, n\u00f3i ti\u1ebfng Vi\u1ec7t l\u01b0u lo\u00e1t h\u01a1n, nghe ti\u1ebfng Vi\u1ec7t t\u1ed1t h\u01a1n, khuy\u1ebfn kh\u00edch kh\u1ea3 n\u0103ng t\u01b0\u1edfng t\u01b0\u1ee3ng v\u00e0 s\u00e1ng t\u1ea1o, r\u00e8n luy\u1ec7n tr\u00ed nh\u1edb, m\u1edf r\u1ed9ng hi\u1ec3u bi\u1ebft, t\u0103ng k\u0129 n\u0103ng s\u1ed1ng. Nh\u1eefng c\u00e2u chuy\u1ec7n v\u1ec1 tu\u1ed5i th\u01a1 gi\u00fap c\u00e1c em c\u1ea3m th\u1ea5y g\u1ea7n g\u0169i h\u01a1n v\u1edbi truy\u1ec1n th\u1ed1ng, v\u0103n h\u00f3a c\u1ee7a d\u00e2n t\u1ed9c ho\u1eb7c c\u1ee7a gia \u0111\u00ecnh.<\/p>\n<p><strong>C\u01a1 h\u1ed9i kh\u00e1m ph\u00e1 c\u00e1c b\u00e0i th\u01a1<\/strong><strong>, <\/strong><strong>\u0111\u1ed3ng dao,<\/strong> <strong>c\u00e2u \u0111\u1ed1, tr\u00f2 ch\u01a1i d\u00e2n gian v\u00e0 \u1ea9m th\u1ef1c<\/strong><strong>!<\/strong><\/p>\n<p>+ N\u1eb7n b\u00e1nh tr\u00f4i<\/p>\n<p>+ Nu na nu n\u1ed1ng, \u00f4 \u0103n quan, nh\u1ea3y d\u00e2y, \u0111\u00e1nh s\u1ecfi\u2026<\/p>\n<p><strong>Th\u00ed nghi\u1ec7m khoa h\u1ecdc<\/strong><\/p>\n<p>+ Nh\u1eefng qu\u1ea3 tr\u1ee9ng k\u00ec di\u1ec7u<\/p>\n<p>+ L\u1eeda que di\u00eam ch\u00e1y kh\u00f4ng b\u00f3ng<\/p>\n<p>+ Th\u00ed nghi\u1ec7m h\u00f2a tan trong n\u01b0\u1edbc<\/p>\n<p>+ T\u1ea1o m\u00e0u cho c\u1ea3i th\u1ea3o<\/p>\n<p>+ M\u1ef1c v\u00f4 h\u00ecnh t\u1eeb n\u01b0\u1edbc chanh<\/p>\n<p>+ C\u00e2y \u0111\u00e0n n\u01b0\u1edbc<\/p>\n<p><strong>T\u1ea1o h\u00ecnh<\/strong><strong> ngh\u1ec7 thu\u1eadt <\/strong><\/p>\n<p>+ L\u00e0m \u0111\u1ed3 handmade t\u1eeb ph\u1ebf li\u1ec7u th\u00e2n thi\u1ec7n, con r\u1ed1i, t\u00f2 he<\/p>\n<p>+ V\u1ebd tranh, g\u1ea5p gi\u1ea5y Origami<\/p>\n<p><strong>\u00c2m nh\u1ea1c v\u00e0 nh\u1ea3y m\u00faa<\/strong><\/p>\n<p>+ H\u1ecdc c\u00e1c b\u00e0i h\u00e1t thi\u1ebfu nhi, c\u00e1c \u0111i\u1ec7u nh\u1ea3y vui nh\u1ed9n\u2026<\/p>\n","protected":false},"excerpt":{"rendered":"<p>Ch\u01b0\u01a1ng tr\u00ecnh h\u1ecdc Nh\u1eefng truy\u1ec7n k\u1ec3 trong ch\u01b0\u01a1ng tr\u00ecnh: + Nh\u1ed5 c\u1ee7 c\u1ea3i + G\u00e0 c\u00e1nh ti\u00ean + Con v\u1ecbt x\u1ea5u x\u00ed + Qu\u1ea3 b\u1ea7u ti\u00ean + C\u00e1o th\u1ecf v\u00e0 g\u00e0 tr\u1ed1ng + S\u1ef1 t\u00edch ng\u00e0y v\u00e0 \u0111\u00eam + C\u00f4 b\u00e9 b\u00e1n di\u00eam + Chi\u1ebfc \u00e1o m\u00f9a xu\u00e2n + B\u00f4ng hoa c\u00fac tr\u1eafng + T\u1ea5m [&hellip;]<\/p>\n","protected":false},"author":2,"featured_media":0,"parent":0,"menu_order":0,"comment_status":"closed","ping_status":"closed","template":"","meta":[],"_links":{"self":[{"href":"http:\/\/kidsbynature.vn\/index.php\/wp-json\/wp\/v2\/pages\/439"}],"collection":[{"href":"http:\/\/kidsbynature.vn\/index.php\/wp-json\/wp\/v2\/pages"}],"about":[{"href":"http:\/\/kidsbynature.vn\/index.php\/wp-json\/wp\/v2\/types\/page"}],"author":[{"embeddable":true,"href":"http:\/\/kidsbynature.vn\/index.php\/wp-json\/wp\/v2\/users\/2"}],"replies":[{"embeddable":true,"href":"http:\/\/kidsbynature.vn\/index.php\/wp-json\/wp\/v2\/comments?post=439"}],"version-history":[{"count":2,"href":"http:\/\/kidsbynature.vn\/index.php\/wp-json\/wp\/v2\/pages\/439\/revisions"}],"predecessor-version":[{"id":441,"href":"http:\/\/kidsbynature.vn\/index.php\/wp-json\/wp\/v2\/pages\/439\/revisions\/441"}],"wp:attachment":[{"href":"http:\/\/kidsbynature.vn\/index.php\/wp-json\/wp\/v2\/media?parent=439"}],"curies":[{"name":"wp","href":"https:\/\/api.w.org\/{rel}","templated":true}]}}